{"id":1680,"date":"2020-11-03T10:29:12","date_gmt":"2020-11-03T09:29:12","guid":{"rendered":"http:\/\/optim-conseil.fr\/dev\/?page_id=1680"},"modified":"2021-06-28T22:14:32","modified_gmt":"2021-06-28T20:14:32","slug":"prestation-2-4-amelioration-continue","status":"publish","type":"page","link":"http:\/\/optim-conseil.fr\/dev\/index.php\/prestation-2-4-amelioration-continue\/","title":{"rendered":"Prestation 2\/4 &#8211; Am\u00e9lioration continue"},"content":{"rendered":"<p>[vc_row css=&#8221;.vc_custom_1602169371697{margin-bottom: 0px !important;padding-top: 0px !important;padding-bottom: 0px !important;}&#8221;][vc_column]<div class=\"title-subtile-holder text-center\"><h6 class=\"section-title  dark_title\">Nos prestations<\/h6><h1 class=\"section-subtitle  dark_subtitle\"><\/h1><p class=\"section-description  dark_description\"><\/p><\/div>[vc_custom_heading text=&#8221;Am\u00e9lioration continue de la performance interne&#8221; font_container=&#8221;tag:h2|font_size:60px|text_align:center|color:%230172b6|line_height:60px&#8221; use_theme_fonts=&#8221;yes&#8221; css=&#8221;.vc_custom_1624910354950{margin-top: 15px !important;margin-bottom: 70px !important;}&#8221; el_class=&#8221;looking-for-heading&#8221;][\/vc_column][vc_column width=&#8221;1\/2&#8243;][vc_single_image image=&#8221;1590&#8243; img_size=&#8221;medium&#8221; alignment=&#8221;center&#8221; css=&#8221;.vc_custom_1624910940012{margin-bottom: 30px !important;padding-top: 80px !important;padding-right: 0px !important;}&#8221;][\/vc_column][vc_column width=&#8221;1\/2&#8243; css=&#8221;.vc_custom_1541251124064{margin-top: 10px !important;}&#8221; offset=&#8221;vc_col-xs-12&#8243;][vc_column_text css=&#8221;.vc_custom_1604397456178{margin-top: 45px !important;}&#8221;]<strong>Vous avez l&#8217;impression que rien n&#8217;est rang\u00e9 \u00e0 la bonne place ? que vos collaborateurs perdent du temps \u00e0 rechercher des documents ou un objet dans un joyeux bazar ? que cela perturbe l&#8217;encha\u00eenement des t\u00e2ches qu&#8217;ils ont \u00e0 effectuer ? Que rien n&#8217;est fluide ? Lisez-<wbr \/>ceci\u2026<\/strong>[\/vc_column_text][vc_column_text css=&#8221;.vc_custom_1622046622827{margin-top: 45px !important;}&#8221;]L\u2019<strong>am\u00e9lioration de la performance<\/strong> de l&#8217;organisation passe par la mise en place de <strong>m\u00e9thodes<\/strong> et la <strong>formalisation de processus<\/strong> : aborder les syst\u00e8mes complexes avec pragmatisme permet de les simplifier et am\u00e9liorer le niveau de qualit\u00e9.<\/p>\n<p>Que ce soit la <strong>planification de production,<\/strong> <strong>l\u2019optimisation de la gestion des stocks, la fluidification des flux de produits et\/ou d&#8217;information<\/strong>, Optim\u2019Conseil r\u00e9alise le diagnostic de votre organisation et vous propose de mettre en place les m\u00e9thodes et outils ad\u00e9quats pour vous simplifier la vie.[\/vc_column_text][\/vc_column][\/vc_row][vc_row css=&#8221;.vc_custom_1602169371697{margin-bottom: 0px !important;padding-top: 0px !important;padding-bottom: 0px !important;}&#8221;][vc_column css=&#8221;.vc_custom_1622008462176{margin-top: 40px !important;}&#8221;][vc_custom_heading text=&#8221;Syst\u00e8mes d&#8217;information et Communication&#8221; font_container=&#8221;tag:h2|font_size:60px|text_align:center|color:%230172b6|line_height:60px&#8221; use_theme_fonts=&#8221;yes&#8221; css=&#8221;.vc_custom_1624910413320{margin-top: 15px !important;margin-bottom: 70px !important;}&#8221; el_class=&#8221;looking-for-heading&#8221;][\/vc_column][vc_column width=&#8221;1\/2&#8243; css=&#8221;.vc_custom_1541251124064{margin-top: 10px !important;}&#8221; offset=&#8221;vc_col-xs-12&#8243;][vc_column_text css=&#8221;.vc_custom_1622046634621{margin-top: 45px !important;}&#8221;]<strong>S<span class=\"C-3\">i vous vous dites : &#8221; je perds du temps \u00e0 rechercher des informations, extraites de fichiers diff\u00e9rents, d\u00e8s que je veux suivre mon activit\u00e9\u2026 je n&#8217;organise pas de r\u00e9unions avec mes collaborateurs : on perd du temps et rien n&#8217;avance ! &#8221; , cette rubrique peut vous aider.<\/span><\/strong>[\/vc_column_text][vc_column_text css=&#8221;.vc_custom_1621950793558{margin-top: 45px !important;}&#8221;]Il n\u2019y a pas d\u2019organisation claire et efficace sans <strong>\u00e9change d\u2019information fluide et \u00a0communication<\/strong> entre le manager et ses collaborateurs.<\/p>\n<p>Pour gagner en efficacit\u00e9, il est n\u00e9cessaire de <strong>mettre en place des<\/strong> <strong>tableaux de suivi d\u2019activit\u00e9 pertinents<\/strong> et faciles d\u2019utilisation, des indicateurs de performance performants, qui sont des guides de prise de d\u00e9cision.<\/p>\n<p>Apr\u00e8s le diagnostic de votre organisation, si le d\u00e9veloppement de tableaux Excel n\u2019est pas suffisant ou pertinent, Optim\u2019Conseil vous aide \u00e0 <strong>r\u00e9diger le cahier des charges, s\u00e9lectionner le fournisseur de solution ERP<\/strong> le plus adapt\u00e9 \u00e0 vos besoins et votre contexte, et mettre en place l\u2019ERP.[\/vc_column_text][\/vc_column][vc_column width=&#8221;1\/2&#8243;][vc_single_image image=&#8221;1695&#8243; img_size=&#8221;medium&#8221; alignment=&#8221;center&#8221; css=&#8221;.vc_custom_1624910952205{margin-bottom: 30px !important;padding-top: 80px !important;padding-right: 0px !important;}&#8221;][\/vc_column][\/vc_row][vc_row full_width=&#8221;stretch_row_content&#8221; css=&#8221;.vc_custom_1603268041799{margin-top: 10px !important;margin-bottom: 0px !important;}&#8221;][vc_column][\/vc_column][\/vc_row][vc_row type=&#8221;flexslider_fade&#8221; count=&#8221;All&#8221; interval=&#8221;10&#8243; slides_content=&#8221;teaser&#8221; slides_title=&#8221;1&#8243; link=&#8221;link_post&#8221; custom_links=&#8221;#E-8_aHR0cCUzQSUyRiUyRm9wdGltLWNvbnNlaWwuZnIlMkZkZXYlMkY=&#8221; thumb_size=&#8221;large&#8221; orderby=&#8221;date&#8221; order=&#8221;DESC&#8221; posttypes=&#8221;post&#8221; categories=&#8221;Management de la qualit\u00e9&#8221; title=&#8221;&#8221; posts_in=&#8221;&#8221;][vc_column width=&#8221;1\/2&#8243;][vc_custom_heading text=&#8221;Quelques r\u00e9f\u00e9rences&#8221; font_container=&#8221;tag:h2|font_size:40px|text_align:center|color:%233ba0d4|line_height:50px&#8221; use_theme_fonts=&#8221;yes&#8221; css_animation=&#8221;none&#8221; css=&#8221;.vc_custom_1622046656305{margin-top: 40px !important;margin-bottom: 35px !important;}&#8221;][\/vc_column][vc_column width=&#8221;1\/2&#8243;][vc_images_carousel images=&#8221;1573,2706,2691,2711,2709,2701,2697,2696,2702,2693,2699,2687,2685&#8243; img_size=&#8221;medium&#8221; speed=&#8221;2000&#8243; autoplay=&#8221;yes&#8221; wrap=&#8221;yes&#8221;][\/vc_column][\/vc_row][vc_row type=&#8221;flexslider_fade&#8221; count=&#8221;All&#8221; interval=&#8221;10&#8243; slides_content=&#8221;teaser&#8221; slides_title=&#8221;1&#8243; link=&#8221;link_post&#8221; custom_links=&#8221;#E-8_aHR0cCUzQSUyRiUyRm9wdGltLWNvbnNlaWwuZnIlMkZkZXYlMkY=&#8221; thumb_size=&#8221;large&#8221; orderby=&#8221;date&#8221; order=&#8221;DESC&#8221; posttypes=&#8221;post&#8221; categories=&#8221;Management de la qualit\u00e9&#8221; title=&#8221;&#8221; posts_in=&#8221;&#8221; css=&#8221;.vc_custom_1622046858031{background-color: #f6f6f6 !important;}&#8221;][vc_column][vc_custom_heading text=&#8221;Nos derniers articles sur l&#8217;am\u00e9lioration continue&#8221; font_container=&#8221;tag:h2|font_size:50px|text_align:center|color:%230172b6|line_height:50px&#8221; use_theme_fonts=&#8221;yes&#8221; css_animation=&#8221;none&#8221; css=&#8221;.vc_custom_1624910565519{margin-top: 30px !important;margin-bottom: 35px !important;}&#8221;][vc_posts_slider count=&#8221;All&#8221; interval=&#8221;10&#8243; slides_content=&#8221;teaser&#8221; slides_title=&#8221;1&#8243; thumb_size=&#8221;small&#8221; orderby=&#8221;date&#8221; posttypes=&#8221;post&#8221; categories=&#8221;Am\u00e9lioration continue&#8221; css=&#8221;.vc_custom_1624910544534{padding-right: 30px !important;padding-left: 30px !important;}&#8221;][vc_btn title=&#8221;Contactez-nous !&#8221; shape=&#8221;round&#8221; color=&#8221;danger&#8221; size=&#8221;lg&#8221; align=&#8221;center&#8221; css=&#8221;.vc_custom_1624642916325{margin-top: 10px !important;}&#8221; link=&#8221;url:http%3A%2F%2Foptim-conseil.fr%2Fdev%2Findex.php%2Foptim-conseil-contact%2F|title:Contact%20%E2%80%93%20Optim%E2%80%99Conseil&#8221;][\/vc_column][\/vc_row][vc_row][vc_column][\/vc_column][\/vc_row]<\/p>\n","protected":false},"excerpt":{"rendered":"<p>[vc_row css=&#8221;.vc_custom_1602169371697{margin-bottom: 0px !important;padding-top: 0px !important;padding-bottom: 0px !important;}&#8221;][vc_column][vc_custom_heading text=&#8221;Am\u00e9lioration continue de la performance interne&#8221; font_container=&#8221;tag:h2|font_size:60px|text_align:center|color:%230172b6|line_height:60px&#8221; use_theme_fonts=&#8221;yes&#8221; css=&#8221;.vc_custom_1624910354950{margin-top: 15px !important;margin-bottom: 70px !important;}&#8221; el_class=&#8221;looking-for-heading&#8221;][\/vc_column][vc_column width=&#8221;1\/2&#8243;][vc_single_image image=&#8221;1590&#8243; img_size=&#8221;medium&#8221; alignment=&#8221;center&#8221; css=&#8221;.vc_custom_1624910940012{margin-bottom: 30px !important;padding-top: 80px !important;padding-right: 0px !important;}&#8221;][\/vc_column][vc_column width=&#8221;1\/2&#8243; css=&#8221;.vc_custom_1541251124064{margin-top: 10px !important;}&#8221; offset=&#8221;vc_col-xs-12&#8243;][vc_column_text css=&#8221;.vc_custom_1604397456178{margin-top: 45px !important;}&#8221;]Vous avez l&#8217;impression que rien n&#8217;est rang\u00e9 \u00e0 la bonne place ? que vos collaborateurs [&hellip;]<\/p>\n","protected":false},"author":1,"featured_media":0,"parent":0,"menu_order":0,"comment_status":"closed","ping_status":"closed","template":"","meta":[],"yoast_head":"<!-- This site is optimized with the Yoast SEO plugin v16.5 - https:\/\/yoast.com\/wordpress\/plugins\/seo\/ -->\n<title>Conseil en Am\u00e9lioration Continue Organisation Optim&#039;Conseil<\/title>\n<meta name=\"description\" content=\"Pourquoi et comment mettre en place une d\u00e9marche am\u00e9lioration continue au sein de votre entreprise, quelle que soit sa taille ?\" \/>\n<meta name=\"robots\" content=\"index, follow, max-snippet:-1, max-image-preview:large, max-video-preview:-1\" \/>\n<link rel=\"canonical\" href=\"http:\/\/optim-conseil.fr\/dev\/index.php\/prestation-2-4-amelioration-continue\/\" \/>\n<meta property=\"og:locale\" content=\"fr_FR\" \/>\n<meta property=\"og:type\" content=\"article\" \/>\n<meta property=\"og:title\" content=\"Conseil en Am\u00e9lioration Continue Organisation Optim&#039;Conseil\" \/>\n<meta property=\"og:description\" content=\"Pourquoi et comment mettre en place une d\u00e9marche am\u00e9lioration continue au sein de votre entreprise, quelle que soit sa taille ?\" \/>\n<meta property=\"og:url\" content=\"http:\/\/optim-conseil.fr\/dev\/index.php\/prestation-2-4-amelioration-continue\/\" \/>\n<meta property=\"og:site_name\" content=\"Optim&#039;Conseil\" \/>\n<meta property=\"article:modified_time\" content=\"2021-06-28T20:14:32+00:00\" \/>\n<meta name=\"twitter:card\" content=\"summary_large_image\" \/>\n<meta name=\"twitter:label1\" content=\"Dur\u00e9e de lecture est.\" \/>\n\t<meta name=\"twitter:data1\" content=\"3 minutes\" \/>\n<script type=\"application\/ld+json\" class=\"yoast-schema-graph\">{\"@context\":\"https:\/\/schema.org\",\"@graph\":[{\"@type\":\"WebSite\",\"@id\":\"http:\/\/optim-conseil.fr\/dev\/#website\",\"url\":\"http:\/\/optim-conseil.fr\/dev\/\",\"name\":\"Optim&#039;Conseil\",\"description\":\"Optimisez la performance de votre organisation\",\"potentialAction\":[{\"@type\":\"SearchAction\",\"target\":\"http:\/\/optim-conseil.fr\/dev\/?s={search_term_string}\",\"query-input\":\"required name=search_term_string\"}],\"inLanguage\":\"fr-FR\"},{\"@type\":\"WebPage\",\"@id\":\"http:\/\/optim-conseil.fr\/dev\/index.php\/prestation-2-4-amelioration-continue\/#webpage\",\"url\":\"http:\/\/optim-conseil.fr\/dev\/index.php\/prestation-2-4-amelioration-continue\/\",\"name\":\"Conseil en Am\\u00e9lioration Continue Organisation Optim&#039;Conseil\",\"isPartOf\":{\"@id\":\"http:\/\/optim-conseil.fr\/dev\/#website\"},\"datePublished\":\"2020-11-03T09:29:12+00:00\",\"dateModified\":\"2021-06-28T20:14:32+00:00\",\"description\":\"Pourquoi et comment mettre en place une d\\u00e9marche am\\u00e9lioration continue au sein de votre entreprise, quelle que soit sa taille ?\",\"breadcrumb\":{\"@id\":\"http:\/\/optim-conseil.fr\/dev\/index.php\/prestation-2-4-amelioration-continue\/#breadcrumb\"},\"inLanguage\":\"fr-FR\",\"potentialAction\":[{\"@type\":\"ReadAction\",\"target\":[\"http:\/\/optim-conseil.fr\/dev\/index.php\/prestation-2-4-amelioration-continue\/\"]}]},{\"@type\":\"BreadcrumbList\",\"@id\":\"http:\/\/optim-conseil.fr\/dev\/index.php\/prestation-2-4-amelioration-continue\/#breadcrumb\",\"itemListElement\":[{\"@type\":\"ListItem\",\"position\":1,\"name\":\"Accueil\",\"item\":\"http:\/\/optim-conseil.fr\/dev\/\"},{\"@type\":\"ListItem\",\"position\":2,\"name\":\"Prestation 2\/4 &#8211; Am\\u00e9lioration continue\"}]}]}<\/script>\n<!-- \/ Yoast SEO plugin. -->","_links":{"self":[{"href":"http:\/\/optim-conseil.fr\/dev\/index.php\/wp-json\/wp\/v2\/pages\/1680"}],"collection":[{"href":"http:\/\/optim-conseil.fr\/dev\/index.php\/wp-json\/wp\/v2\/pages"}],"about":[{"href":"http:\/\/optim-conseil.fr\/dev\/index.php\/wp-json\/wp\/v2\/types\/page"}],"author":[{"embeddable":true,"href":"http:\/\/optim-conseil.fr\/dev\/index.php\/wp-json\/wp\/v2\/users\/1"}],"replies":[{"embeddable":true,"href":"http:\/\/optim-conseil.fr\/dev\/index.php\/wp-json\/wp\/v2\/comments?post=1680"}],"version-history":[{"count":28,"href":"http:\/\/optim-conseil.fr\/dev\/index.php\/wp-json\/wp\/v2\/pages\/1680\/revisions"}],"predecessor-version":[{"id":2748,"href":"http:\/\/optim-conseil.fr\/dev\/index.php\/wp-json\/wp\/v2\/pages\/1680\/revisions\/2748"}],"wp:attachment":[{"href":"http:\/\/optim-conseil.fr\/dev\/index.php\/wp-json\/wp\/v2\/media?parent=1680"}],"curies":[{"name":"wp","href":"https:\/\/api.w.org\/{rel}","templated":true}]}}