{"id":1690,"date":"2020-11-03T11:10:01","date_gmt":"2020-11-03T10:10:01","guid":{"rendered":"http:\/\/optim-conseil.fr\/dev\/?page_id=1690"},"modified":"2021-06-28T22:22:40","modified_gmt":"2021-06-28T20:22:40","slug":"prestation-4-4-cohesion-dequipe","status":"publish","type":"page","link":"http:\/\/optim-conseil.fr\/dev\/index.php\/prestation-4-4-cohesion-dequipe\/","title":{"rendered":"Prestation 4\/4 &#8211; Coh\u00e9sion d&#8217;\u00e9quipe"},"content":{"rendered":"<p>[vc_row][vc_column]<div class=\"title-subtile-holder text-center\"><h6 class=\"section-title  dark_title\">Nos prestations<\/h6><h1 class=\"section-subtitle  dark_subtitle\"><\/h1><p class=\"section-description  dark_description\"><\/p><\/div>[vc_custom_heading text=&#8221;Coh\u00e9sion d&#8217;\u00e9quipe&#8221; font_container=&#8221;tag:h2|font_size:60px|text_align:center|color:%230172b6|line_height:60px&#8221; use_theme_fonts=&#8221;yes&#8221; css=&#8221;.vc_custom_1624911415065{margin-top: 15px !important;margin-bottom: 70px !important;}&#8221; el_class=&#8221;looking-for-heading&#8221;][\/vc_column][vc_column width=&#8221;1\/2&#8243; css=&#8221;.vc_custom_1619102228672{margin-top: 40px !important;}&#8221;][vc_single_image image=&#8221;1694&#8243; img_size=&#8221;medium&#8221; alignment=&#8221;center&#8221; css=&#8221;.vc_custom_1624911435988{margin-bottom: 30px !important;padding-right: 0px !important;}&#8221;][\/vc_column][vc_column width=&#8221;1\/2&#8243; offset=&#8221;vc_col-xs-12&#8243;][vc_column_text css=&#8221;.vc_custom_1618765785010{margin-top: 45px !important;}&#8221;]<b>Si vous sentez vos collaborateurs \/ vos associ\u00e9s, d\u00e9motiv\u00e9s\u2026 si vous pensez que vos \u00e9quipes pourraient gagner en efficacit\u00e9\u2026 \u00a0cette rubrique est pour vous !<\/b>[\/vc_column_text][vc_column_text css=&#8221;.vc_custom_1621964755998{margin-top: 45px !important;}&#8221;]Le <strong>capital humain<\/strong> de votre entreprise est un levier majeur du changement. Il est important et primordial de mettre en avant les bonnes pratiques de chacun, d\u2019aider le manager \u00a0\u00e0 construire une organisation claire et efficace, dans laquelle <strong>chacun connaisse ses objectifs et ses responsabilit\u00e9s.<\/strong><\/p>\n<p>Optim&#8217;Conseil vous aide \u00e0 <strong>d\u00e9finir les missions de vos collaborateurs<\/strong> en fonction de leurs aptitudes et de leurs motivations, \u00e0 s&#8217;interroger sur la pertinence de l&#8217;organigramme de l&#8217;entreprise, \u00e0 am\u00e9liorer l&#8217;<strong>efficacit\u00e9 relationnelle interpostes.<\/strong><\/p>\n<p>Gr\u00e2ce aux <strong>m\u00e9thodes et outils de l\u2019intelligence collective<\/strong>, Optim\u2019Conseil travaille avec vos collaborateurs pour mener \u00e0 bien des projets, r\u00e9soudre des probl\u00e9matiques complexes[\/vc_column_text][\/vc_column][\/vc_row][vc_row full_width=&#8221;stretch_row_content&#8221;][vc_column][\/vc_column][\/vc_row][vc_row][vc_column width=&#8221;1\/2&#8243;][vc_custom_heading text=&#8221;Quelques r\u00e9f\u00e9rences&#8221; font_container=&#8221;tag:h2|font_size:40px|text_align:center|color:%230172b6|line_height:50px&#8221; use_theme_fonts=&#8221;yes&#8221; css_animation=&#8221;none&#8221; css=&#8221;.vc_custom_1624911503165{padding-top: 40px !important;}&#8221;][\/vc_column][vc_column width=&#8221;1\/2&#8243;][vc_images_carousel images=&#8221;2711,2709,2706,2700,2688,2701&#8243; img_size=&#8221;medium&#8221; speed=&#8221;2000&#8243; autoplay=&#8221;yes&#8221;][\/vc_column][\/vc_row][vc_row full_width=&#8221;stretch_row&#8221; css=&#8221;.vc_custom_1622048172851{background-color: #f6f6f6 !important;}&#8221;][vc_column][vc_custom_heading text=&#8221;Nos derniers articles sur la coh\u00e9sion d&#8217;\u00e9quipe&#8221; font_container=&#8221;tag:h2|font_size:50px|text_align:center|color:%230172b6|line_height:50px&#8221; use_theme_fonts=&#8221;yes&#8221; css_animation=&#8221;none&#8221;][vc_posts_slider count=&#8221;All&#8221; interval=&#8221;5&#8243; slides_content=&#8221;teaser&#8221; slides_title=&#8221;1&#8243; thumb_size=&#8221;small&#8221; orderby=&#8221;date&#8221; posttypes=&#8221;post&#8221; categories=&#8221;cohesion-equipe&#8221; css=&#8221;.vc_custom_1624911681748{padding-right: 30px !important;padding-left: 30px !important;}&#8221;][\/vc_column][\/vc_row][vc_row][vc_column][vc_btn title=&#8221;Contactez-nous&#8221; shape=&#8221;round&#8221; color=&#8221;danger&#8221; size=&#8221;lg&#8221; align=&#8221;center&#8221; css=&#8221;.vc_custom_1624643003215{margin-top: 40px !important;}&#8221; link=&#8221;url:http%3A%2F%2Foptim-conseil.fr%2Fdev%2Findex.php%2Foptim-conseil-contact%2F|title:Contact%20%E2%80%93%20Optim%E2%80%99Conseil&#8221;][\/vc_column][\/vc_row]<\/p>\n","protected":false},"excerpt":{"rendered":"<p>[vc_row][vc_column][vc_custom_heading text=&#8221;Coh\u00e9sion d&#8217;\u00e9quipe&#8221; font_container=&#8221;tag:h2|font_size:60px|text_align:center|color:%230172b6|line_height:60px&#8221; use_theme_fonts=&#8221;yes&#8221; css=&#8221;.vc_custom_1624911415065{margin-top: 15px !important;margin-bottom: 70px !important;}&#8221; el_class=&#8221;looking-for-heading&#8221;][\/vc_column][vc_column width=&#8221;1\/2&#8243; css=&#8221;.vc_custom_1619102228672{margin-top: 40px !important;}&#8221;][vc_single_image image=&#8221;1694&#8243; img_size=&#8221;medium&#8221; alignment=&#8221;center&#8221; css=&#8221;.vc_custom_1624911435988{margin-bottom: 30px !important;padding-right: 0px !important;}&#8221;][\/vc_column][vc_column width=&#8221;1\/2&#8243; offset=&#8221;vc_col-xs-12&#8243;][vc_column_text css=&#8221;.vc_custom_1618765785010{margin-top: 45px !important;}&#8221;]Si vous sentez vos collaborateurs \/ vos associ\u00e9s, d\u00e9motiv\u00e9s\u2026 si vous pensez que vos \u00e9quipes pourraient gagner en efficacit\u00e9\u2026 \u00a0cette rubrique est pour vous ![\/vc_column_text][vc_column_text css=&#8221;.vc_custom_1621964755998{margin-top: 45px !important;}&#8221;]Le [&hellip;]<\/p>\n","protected":false},"author":1,"featured_media":0,"parent":0,"menu_order":0,"comment_status":"closed","ping_status":"closed","template":"","meta":[],"yoast_head":"<!-- This site is optimized with the Yoast SEO plugin v16.5 - https:\/\/yoast.com\/wordpress\/plugins\/seo\/ -->\n<title>Conseil en management et coh\u00e9sion d&#039;\u00e9quipe Optim&#039;Conseil<\/title>\n<meta name=\"description\" content=\"Pourquoi et comment se soucier de l\u2019esprit d\u2019\u00e9quipe dans votre entreprise ? motiver et impliquer vos collaborateurs.\" \/>\n<meta name=\"robots\" content=\"index, follow, max-snippet:-1, max-image-preview:large, max-video-preview:-1\" \/>\n<link rel=\"canonical\" href=\"http:\/\/optim-conseil.fr\/dev\/index.php\/prestation-4-4-cohesion-dequipe\/\" \/>\n<meta property=\"og:locale\" content=\"fr_FR\" \/>\n<meta property=\"og:type\" content=\"article\" \/>\n<meta property=\"og:title\" content=\"Conseil en management et coh\u00e9sion d&#039;\u00e9quipe Optim&#039;Conseil\" \/>\n<meta property=\"og:description\" content=\"Pourquoi et comment se soucier de l\u2019esprit d\u2019\u00e9quipe dans votre entreprise ? motiver et impliquer vos collaborateurs.\" \/>\n<meta property=\"og:url\" content=\"http:\/\/optim-conseil.fr\/dev\/index.php\/prestation-4-4-cohesion-dequipe\/\" \/>\n<meta property=\"og:site_name\" content=\"Optim&#039;Conseil\" \/>\n<meta property=\"article:modified_time\" content=\"2021-06-28T20:22:40+00:00\" \/>\n<meta name=\"twitter:card\" content=\"summary_large_image\" \/>\n<meta name=\"twitter:label1\" content=\"Dur\u00e9e de lecture est.\" \/>\n\t<meta name=\"twitter:data1\" content=\"1 minute\" \/>\n<script type=\"application\/ld+json\" class=\"yoast-schema-graph\">{\"@context\":\"https:\/\/schema.org\",\"@graph\":[{\"@type\":\"WebSite\",\"@id\":\"http:\/\/optim-conseil.fr\/dev\/#website\",\"url\":\"http:\/\/optim-conseil.fr\/dev\/\",\"name\":\"Optim&#039;Conseil\",\"description\":\"Optimisez la performance de votre organisation\",\"potentialAction\":[{\"@type\":\"SearchAction\",\"target\":\"http:\/\/optim-conseil.fr\/dev\/?s={search_term_string}\",\"query-input\":\"required name=search_term_string\"}],\"inLanguage\":\"fr-FR\"},{\"@type\":\"WebPage\",\"@id\":\"http:\/\/optim-conseil.fr\/dev\/index.php\/prestation-4-4-cohesion-dequipe\/#webpage\",\"url\":\"http:\/\/optim-conseil.fr\/dev\/index.php\/prestation-4-4-cohesion-dequipe\/\",\"name\":\"Conseil en management et coh\\u00e9sion d'\\u00e9quipe Optim&#039;Conseil\",\"isPartOf\":{\"@id\":\"http:\/\/optim-conseil.fr\/dev\/#website\"},\"datePublished\":\"2020-11-03T10:10:01+00:00\",\"dateModified\":\"2021-06-28T20:22:40+00:00\",\"description\":\"Pourquoi et comment se soucier de l\\u2019esprit d\\u2019\\u00e9quipe dans votre entreprise ? motiver et impliquer vos collaborateurs.\",\"breadcrumb\":{\"@id\":\"http:\/\/optim-conseil.fr\/dev\/index.php\/prestation-4-4-cohesion-dequipe\/#breadcrumb\"},\"inLanguage\":\"fr-FR\",\"potentialAction\":[{\"@type\":\"ReadAction\",\"target\":[\"http:\/\/optim-conseil.fr\/dev\/index.php\/prestation-4-4-cohesion-dequipe\/\"]}]},{\"@type\":\"BreadcrumbList\",\"@id\":\"http:\/\/optim-conseil.fr\/dev\/index.php\/prestation-4-4-cohesion-dequipe\/#breadcrumb\",\"itemListElement\":[{\"@type\":\"ListItem\",\"position\":1,\"name\":\"Accueil\",\"item\":\"http:\/\/optim-conseil.fr\/dev\/\"},{\"@type\":\"ListItem\",\"position\":2,\"name\":\"Prestation 4\/4 &#8211; Coh\\u00e9sion d&#8217;\\u00e9quipe\"}]}]}<\/script>\n<!-- \/ Yoast SEO plugin. -->","_links":{"self":[{"href":"http:\/\/optim-conseil.fr\/dev\/index.php\/wp-json\/wp\/v2\/pages\/1690"}],"collection":[{"href":"http:\/\/optim-conseil.fr\/dev\/index.php\/wp-json\/wp\/v2\/pages"}],"about":[{"href":"http:\/\/optim-conseil.fr\/dev\/index.php\/wp-json\/wp\/v2\/types\/page"}],"author":[{"embeddable":true,"href":"http:\/\/optim-conseil.fr\/dev\/index.php\/wp-json\/wp\/v2\/users\/1"}],"replies":[{"embeddable":true,"href":"http:\/\/optim-conseil.fr\/dev\/index.php\/wp-json\/wp\/v2\/comments?post=1690"}],"version-history":[{"count":23,"href":"http:\/\/optim-conseil.fr\/dev\/index.php\/wp-json\/wp\/v2\/pages\/1690\/revisions"}],"predecessor-version":[{"id":2749,"href":"http:\/\/optim-conseil.fr\/dev\/index.php\/wp-json\/wp\/v2\/pages\/1690\/revisions\/2749"}],"wp:attachment":[{"href":"http:\/\/optim-conseil.fr\/dev\/index.php\/wp-json\/wp\/v2\/media?parent=1690"}],"curies":[{"name":"wp","href":"https:\/\/api.w.org\/{rel}","templated":true}]}}